pose 5*r - x = 2*r + d, 3*d - 15 = 0. What are the prime factors of 6 + 5/(10/r)?
2
Let m(j) = j**3 + 2*j. Let b be m(2). Let f be 27/b + (-1)/4. Suppose -4 = -f*t + 2. What are the prime factors of t?
3
Let v be (-6)/(1 + -2) + -1. Suppose 3*l + 2*z - 46 = 0, v*l + 2*z = -2*z + 78. List the prime factors of l.
2, 7
Suppose -2*q + 0*q - 40 = 0. Let j = -1 - q. What are the prime factors of j?
19
Let i(s) = s**3 + s**2 + s + 4. What are the prime factors of i(3)?
43
Let s(a) = a + 1. Let m(h) = 4*h + 7. Let o(q) = m(q) - 3*s(q). What are the prime factors of o(2)?
2, 3
Let n(i) be the first derivative of 3*i**2/2 + 7*i + 7. What are the prime factors of n(8)?
31
Let s(k) = -k**2 - 13*k + 29. List the prime factors of s(-13).
29
Let q(r) = -2*r + 11. Let f be q(-8). Let b be 4/18 - 6/f. Suppose b = -3*h + 5*h - 4. What are the prime factors of h?
2
Let g = -19 - -23. Suppose g*a - 137 = 15. What are the prime factors of a?
2, 19
Let w = 2 - 13. Let f = 16 + w. Suppose 3*g - 10 - 21 = f*x, 89 = 5*g + x. List the prime factors of g.
17
Let x = 7 + -5. Let s = 1 + x. List the prime factors of -1*(s*-1 + 0).
3
Let f = -193 + 368. What are the prime factors of f?
5, 7
Let s be (-2)/(-5) + (-328)/20. List the prime factors of (-2)/(s/6 - -2).
3
Suppose -12*v = -3*v - 1710. List the prime factors of v.
2, 5, 19
Let f = -2 + 2. Suppose 9*x = 10*x - 8. What are the prime factors of 0 + x + (1 - f)?
3
Suppose -9 = 2*g + 21. What are the prime factors of (-100)/g + 2/6?
7
Suppose -63 = -3*o + 27. Suppose -3*j + 7*c - 3*c = o, 0 = 5*c. List the prime factors of (-10)/3*24/j.
2
Let b be 3 + (-3 + 0)/1. Let w(r) = -r + b*r + 0*r + 0*r - 1. List the prime factors of w(-7).
2, 3
Let l = 5 + -3. Suppose 7*u = l*u + 5. What are the prime factors of 20/u*2/4?
2, 5
Let g(a) be the first derivative of -a**4/4 - 5*a**3/3 + 5*a**2/2 + 3*a + 1. Suppose 2*d = 3*f + 18, -4*f + f - 18 = -d. What are the prime factors of g(f)?
3
Let n(d) = -2*d**2 - 18*d - 5. Let j(r) = 5*r**2 + 37*r + 10. Let p(g) = -4*j(g) - 9*n(g). What are the prime factors of p(7)?
5
Let d be -3 - -13 - 6/2. Let l = d - 5. Suppose 5*j - l*j - 42 = 0. What are the prime factors of j?
2, 7
Let p = -57 + 315. What are the prime factors of p?
2, 3, 43
Let i(c) = -c - 5*c**2 + 11*c**2 - 5*c**2 + 0*c**2 + 5. List the prime factors of i(6).
5, 7
Let d = -24 - -40. Suppose -h + n + 5 = 0, 4*n = -0*h + 3*h - d. List the prime factors of h.
2
Let q = 9 + -7. Suppose 2*a = c - 18, q*c - 4*a - 60 = -c. What are the prime factors of c?
2, 3
Let y(j) = j**3 + 3*j**2 - 4*j + 2. Let t be y(2). Let i(f) = f + 11. Let x be i(10). Let l = x - t. What are the prime factors of l?
7
Let m(j) = j**3 - 9*j**2 + 8*j. Let p be m(8). Suppose p*n = -n + 34. What are the prime factors of n?
2, 17
What are the prime factors of 3/6 + (2 - 290/(-4))?
3, 5
Let j(x) = x**2 - x + 2. Let w = -2 - -10. Suppose 0 = -0*y - 4*y + w. List the prime factors of j(y).
2
Let a(u) = u**3 + 3*u**2 + 3*u + 2. Let w be a(-2). Suppose 3*p = -w*p + 15. What are the prime factors of p?
5
Let m = 8 - -35. What are the prime factors of m?
43
Suppose -3*k = 5*f - 1238, -5*k + 10 = 5. What are the prime factors of f?
13, 19
List the prime factors of 1 + ((-1)/1)/1*-46.
47
Suppose -5*k + 235 + 193 = -3*i, 5*k - 5*i = 420. List the prime factors of k.
2, 11
Let b(u) = u + 4. Let j = -5 - -2. Let z be b(j). What are the prime factors of 0/z - (-6 - 0)?
2, 3
Let p be 2*53 - (2 + -1). Let i be (0 + 1)*p/3. Suppose 7 = 3*r - i. What are the prime factors of r?
2, 7
Let v(x) = 5*x - 4. Let q be v(-10). Let k = q + 95. List the prime factors of k.
41
Let b(p) = -4*p - 3 + 4 + p**2 - 2*p**3 - 4. List the prime factors of b(-2).
5
Suppose -2*x = -x + 2*h - 8, -3*x = -2*h. Suppose 3*y - 11 = x*y. List the prime factors of y.
11
Let f(z) = 4 + 7*z - 2*z**3 - 6*z**3 + 7*z**3 + 5*z**2. List the prime factors of f(6).
2, 5
Let b = -1 + 5. Let y be (b + -2)/((-6)/9). Let x = 15 + y. List the prime factors of x.
2, 3
Let h(k) = -2*k + 8. Let w be h(-8). Suppose -2*m + 16 = -6*m, w = 4*u + 5*m. List the prime factors of u.
11
Let t(u) = u**2 - 4*u - 1. Let o be 42/8 + (-2)/8. Let h be t(o). List the prime factors of 2/h*2*18.
2, 3
Let l = -1 - -2. Let y = 1 + l. Suppose y*f + 11 - 33 = 0. What are the prime factors of f?
11
Let y(h) be the second derivative of -3*h**2 - 3*h + 1/6*h**3 + 0. What are the prime factors of y(11)?
5
Let l(t) = -t - 2. Let h be l(-4). Suppose 4*r - h*i - 90 = 0, -3 = -2*i + i. Suppose 4*c - c - r = 0. What are the prime factors of c?
2
Suppose -123 = 2*s - 5*s. List the prime factors of s.
41
Let m(d) = d**3 + 3*d**2 - 3. Let o be m(-3). List the prime factors of o + 5/(10/118).
2, 7
Let o = 2 + -6. Let y(i) be the first derivative of -2*i**2 - 3*i + 34. What are the prime factors of y(o)?
13
Let o = -8 - -5. Let a = 7 - 7. List the prime factors of 22/6*(a - o).
11
List the prime factors of 1/(942/(-315) - -3).
3, 5, 7
Let m = -23 + 11. Let g(b) = -b - 1. What are the prime factors of g(m)?
11
Let j(w) = -3*w**3 + 8*w**2 - 4*w - 5. Let t(s) = -s**3 + s**2. Let g = 7 + -11. Let a(r) = g*t(r) + j(r). What are the prime factors of a(-4)?
11
Let n = -290 + 409. Suppose p - 90 = -3*q - q, 5*q - 2*p - n = 0. List the prime factors of q.
23
Let f(k) = 4*k**2. Let n be ((-2)/6)/(2/6). What are the prime factors of f(n)?
2
Suppose 4*x - 3*x = -2*u - 9, 3 = -5*u + 4*x. List the prime factors of u - 63/(-3) - -1.
19
Suppose 0*k + 3*d + 48 = 3*k, -5*k - 2*d = -73. List the prime factors of k.
3, 5
Let v be 2/4*0/2. Suppose v*q = q. Suppose q = -k - 3*k + 32. List the prime factors of k.
2
List the prime factors of (-50)/2*1*-1.
5
Let x(q) = -q**2 + 4*q + 4. Let m be x(5). Let u(n) = -9*n**3 + 2*n + 1. What are the prime factors of u(m)?
2
Let d(x) = 3*x - 1. Let l(q) = 7*q - 2. Let w(b) = 5*d(b) - 3*l(b). What are the prime factors of w(-1)?
7
Let i be 2 - ((-2 - 0) + 0). Let j(q) = -2 + 0*q**2 + q**2 - 4 + i - 2*q. What are the prime factors of j(-3)?
13
Suppose 2*u = 4*u - 2*g - 88, -4*u + g = -164. What are the prime factors of u?
2, 5
List the prime factors of ((-4)/14*-3)/((-2)/(-56)).
2, 3
Let r = 10 - 16. Let l = -8 - r. List the prime factors of 1/(l*(-2)/24).
2, 3
Let q = 0 + 18. List the prime factors of q.
2, 3
What are the prime factors of (5/15)/((-2)/(-876))?
2, 73
What are the prime factors of (-16)/(-96) - 286/(-12)?
2, 3
Suppose 25*w = 23*w + 14. List the prime factors of w.
7
Let f = -16 + 23. Suppose b = 5 + f. List the prime factors of -27*-2*2/b.
3
Let v(f) = f**2 + f + 2. List the prime factors of v(0).
2
Suppose g = -3*g + 48. List the prime factors of (-386)/(-14) + g/28.
2, 7
Let g = 29 + 13. List the prime factors of g.
2, 3, 7
Suppose -15 = -3*n - 3*s, 5*s + 2 = 4*n + 3*s. What are the prime factors of (34 - 10)*n/2?
2, 3
Let i be -30*((-5)/(-2) - 3). Suppose t = 2*t - i. What are the prime factors of t?
3, 5
Let n(i) = i**3 - 5*i - 2. What are the prime factors of n(4)?
2, 3, 7
Let f(t) = -t**2 - t + 6. Let q be f(0). Suppose q*x - 81 = -21. List the prime factors of x.
2, 5
Let g be (-4)/6*135/(-10). Let j(o) = -o + 13. Let m be j(g). Suppose 2*h - 10 = -a, 3*a + h - m*h = 3. What are the prime factors of a?
2
Let i be (4/(-5))/((-4)/20). Let s = 13 - i. List the prime factors of s.
3
Let c(t) = -t + 2. Let k be c(-5). Let y = 4 - k. Let h(d) = d**2 - d - 3. What are the prime factors of h(y)?
3
Let c(j) = j + 16. What are the prime factors of c(-6)?
2, 5
Suppose t - 4*p - 39 = 4, 2*t = -3*p + 31. Suppose -69 = -2*h - t. What are the prime factors of h?
23
Let r = 5 - 2. Suppose -3*m + 0 = r. List the prime factors of m + (-6)/(-3) + 11.
2, 3
Let x = 75 + -41. List the prime factors of x.
2, 17
Let w(q) = 14*q**2 + 2*q + 1. List the prime factors of w(-1).
13
Let v = 5 + 3. Let i(j) = j - 6. Let x be i(v). List the prime factors of -11*1/(-2)*x.
11
Let m(s) = 2*s + 2. Suppose 0 = -0*j + 2*j. Let a = 2 + j. What are the prime factors of m(a)?
2, 3
Let z be -3*(1 + (-24)/9). Suppose -2*y - z*g + 4 = -27, -2*y = -g - 1. List the prime factors of y.
3
Let i = 5 + -1. Suppose p = 5*b + 2, 3*b + 21 = i*p - 4. List the prime factors of p.
7
Suppose 3*h - h - 12 = 0. What are the prime factors of h?
2, 3
Let u = -6 + 6. Suppose u =